3, 7, 17, 29
List the prime factors of 1098.
2, 3, 61
What are the prime factors of 888?
2, 3, 37
What are the prime factors of 611?
13, 47
List the prime factors of 343.
7
What are the prime factors of 60808?
2, 11, 691
What are the prime factors of 22005?
3, 5, 163
What are the prime factors of 7618?
2, 13, 293
List the prime factors of 6419.
7, 131
What are the prime factors of 6082?
2, 3041
What are the prime factors of 7355?
5, 1471
List the prime factors of 707.
7, 101
What are the prime factors of 5377?
19, 283
What are the prime factors of 27484?
2, 6871
What are the prime factors of 42582?
2, 3, 47, 151
List the prime factors of 39602.
2, 19801
What are the prime factors of 937?
937
What are the prime factors of 8620?
2, 5, 431
List the prime factors of 70.
2, 5, 7
What are the prime factors of 595?
5, 7, 17
What are the prime factors of 92178?
2, 3, 569
List the prime factors of 1167.
3, 389
List the prime factors of 2900.
2, 5, 29
List the prime factors of 253.
11, 23
What are the prime factors of 21082?
2, 83, 127
What are the prime factors of 5536?
2, 173
List the prime factors of 48106.
2, 67, 359
List the prime factors of 340.
2, 5, 17
List the prime factors of 67431.
3, 7, 13, 19
List the prime factors of 898.
2, 449
List the prime factors of 61111.
23, 2657
List the prime factors of 143656.
2, 17957
List the prime factors of 1788.
2, 3, 149
List the prime factors of 10131.
3, 11, 307
What are the prime factors of 19469?
19469
What are the prime factors of 4628?
2, 13, 89
List the prime factors of 6005.
5, 1201
List the prime factors of 11506.
2, 11, 523
What are the prime factors of 834?
2, 3, 139
List the prime factors of 20432.
2, 1277
List the prime factors of 7231.
7, 1033
List the prime factors of 990.
2, 3, 5, 11
List the prime factors of 34095.
3, 5, 2273
What are the prime factors of 4561?
4561
What are the prime factors of 1361?
1361
What are the prime factors of 9398?
2, 37, 127
List the prime factors of 75.
3, 5
What are the prime factors of 4125?
3, 5, 11
What are the prime factors of 11989?
19, 631
List the prime factors of 100946.
2, 17, 2969
List the prime factors of 32884.
2, 8221
What are the prime factors of 12488?
2, 7, 223
What are the prime factors of 6478?
2, 41, 79
List the prime factors of 627.
3, 11, 19
What are the prime factors of 4917?
3, 11, 149
What are the prime factors of 16249?
16249
What are the prime factors of 150?
2, 3, 5
What are the prime factors of 3060?
2, 3, 5, 17
What are the prime factors of 974?
2, 487
What are the prime factors of 24897?
3, 43, 193
What are the prime factors of 10733?
10733
List the prime factors of 6260.
2, 5, 313
What are the prime factors of 3337?
47, 71
List the prime factors of 2243.
2243
List the prime factors of 30543.
3, 10181
List the prime factors of 2243.
2243
What are the prime factors of 54708?
2, 3, 47, 97
What are the prime factors of 30271?
30271
What are the prime factors of 2368?
2, 37
What are the prime factors of 21480?
2, 3, 5, 179
List the prime factors of 28780.
2, 5, 1439
List the prime factors of 6912.
2, 3
List the prime factors of 1194.
2, 3, 199
List the prime factors of 784.
2, 7
List the prime factors of 3567.
3, 29, 41
What are the prime factors of 50?
2, 5
List the prime factors of 1477.
7, 211
List the prime factors of 35941.
127, 283
What are the prime factors of 3769?
3769
List the prime factors of 472.
2, 59
What are the prime factors of 99?
3, 11
What are the prime factors of 723?
3, 241
What are the prime factors of 769?
769
List the prime factors of 68967.
3, 79, 97
List the prime factors of 37618.
2, 7, 2687
List the prime factors of 12823.
12823
What are the prime factors of 1535?
5, 307
What are the prime factors of 11491?
11491
List the prime factors of 21449.
89, 241
List the prime factors of 5492.
2, 1373
List the prime factors of 1781.
13, 137
What are the prime factors of 833?
7, 17
What are the prime factors of 2205?
3, 5, 7
What are the prime factors of 2117?
29, 73
What are the prime factors of 1534?
2, 13, 59
List the prime factors of 4031.
29, 139
What are the prime factors of 19206?
2, 3, 11, 97
List the prime factors of 128498.
2, 47, 1367
List the prime factors of 8958.
2, 3, 1493
List the prime factors of 5389.
17, 317
List the prime factors of 312.
2, 3, 13
What are the prime factors of 1015?
5, 7, 29
List the prime factors of 659.
659
What are the prime factors of 3065?
5, 613
What are the prime factors of 52179?
3, 17393
What are the prime factors of 1545?
3, 5, 103
What are the prime factors of 1657?
1657
What are the prime factors of 122285?
5, 37, 661
List the prime factors of 27619.
71, 389
What are the prime factors of 12312?
2, 3, 19
List the prime factors of 386.
2, 193
List the prime factors of 1177.
11, 107
List the prime factors of 37925.
5, 37, 41
What are the prime factors of 1540?
2, 5, 7, 11
What are the prime factors of 403?
13, 31
List the prime factors of 18121.
18121
List the prime factors of 15235.
5, 11, 277
List the prime factors of 1945.
5, 389
List the prime factors of 569.
569
List the prime factors of 11523.
3, 23, 167
What are the prime factors of 17710?
2, 5, 7, 11, 23
What are the prime factors of 53602?
2, 26801
List the prime factors of 10522.
2, 5261
List the prime factors of 10780.
2, 5, 7, 11
List the prime factors of 1959.
3, 653
List the prime factors of 24940.
2, 5, 29, 43
What are the prime factors of 9571?
17, 563
What are the prime factors of 18516?
2, 3, 1543
List the prime factors of 14424.
2, 3, 601
List the prime factors of 6366.
2, 3, 1061
What are the prime factors of 685?
5, 137
What are the prime factors of 81897?
3, 27299
What are the prime factors of 3133?
13, 241
List the prime factors of 2845.
5, 569
What are the prime factors of 1241?
17, 73
What are the prime factors of 2922?
2, 3, 487
List the prime factors of 620.
2, 5, 31
What are the prime factors of 2536?
2, 317
List the prime factors of 3405.
3, 5, 227
What are the prime factors of 121?
11
What are the prime factors of 99402?
2, 3, 16567
What are the prime factors of 29766?
2, 3, 11, 41
What are the prime factors of 5481?
3, 7, 29
What are the prime factors of 50357?
37, 1361
What are the prime factors of 16773?
3, 5591
List the prime factors of 14354.
2, 7177
List the prime factors of 1428.
2, 3, 7, 17
What are the prime factors of 51?
3, 17
List the prime factors of 448.
2, 7
List the prime factors of 5221.
23, 227
List the prime factors of 4063.
17, 239
What are the prime factors of 1208?
2, 151
What are the prime factors of 3966?
2, 3, 661
What are the prime factors of 16881?
3, 17, 331
What are the prime factors of 3788?
2, 947
What are the prime factors of 2391?
3, 797
What are the prime factors of 10104?
2, 3, 421
List the prime factors of 6228.
2, 3, 173
What are the prime factors of 18060?
2, 3, 5, 7, 43
List the prime factors of 71696.
2, 4481
What are the prime factors of 4116?
2, 3, 7
List the prime factors of 4840.
2, 5, 11
List the prime factors of 183.
3, 61
What are the prime factors of 24772?
2, 11, 563
List the prime factors of 440.
2, 5, 11
List the prime factors of 964.
2, 241
List the prime factors of 77199.
3, 25733
List the prime factors of 85176.
2, 3, 7, 13
What are the prime factors of 8332?
2, 2083
List the prime factors of 722.
2, 19
What are the prime factors of 1079?
13, 83
What are the prime factors of 13415?
5, 2683
What are the prime factors of 2036?
2, 509
What are the prime factors of 1310?
2, 5, 131
What are the prime factors of 9887?
9887
List the prime factors of 76396.
2, 71, 269
List the prime factors of 3645.
3, 5
List the prime factors of 867.
3, 17
List the prime factors of 4771.
13, 367
List the prime factors of 29855.
5, 7, 853
What are the prime factors of 16474?
2, 8237
What are the prime factors of 6020?
2, 5, 7, 43
What are the prime factors of 4718?
2, 7, 337
What are the prime factors of 43902?
2, 3, 271
What are the prime factors of 19303?
97, 199
List the prime factors of 573.
3, 191
List the prime factors of 63908.
2, 13, 1229
What are the prime factors of 35365?
5, 11, 643
List the prime factors of 1685.
5, 337
List the prime factors of 693.
3, 7, 11
List the prime factors of 3160.
2, 5, 79
What are the prime factors of 1761?
3, 587
List th